{"id":75,"date":"2015-01-27T14:03:20","date_gmt":"2015-01-27T13:03:20","guid":{"rendered":"http:\/\/www.ecophoto.fr\/wordpress\/?page_id=75"},"modified":"2023-05-23T09:52:49","modified_gmt":"2023-05-23T08:52:49","slug":"tirage-art","status":"publish","type":"page","link":"https:\/\/www.ecophoto.fr\/nature\/services\/tirage-art\/","title":{"rendered":"Tirage d&rsquo;art"},"content":{"rendered":"<p style=\"text-align: justify;\">Une image du site vous pla\u00eet et vous souhaitez l&rsquo;accrocher chez vous ?<\/p>\n<p style=\"text-align: justify;\">Rien de plus simple, il vous suffit de choisir un format et un support pour recevoir votre photographie directement chez vous et pr\u00eate \u00e0 \u00eatre accroch\u00e9e !<\/p>\n<p style=\"text-align: justify;\"><strong>A noter que tous les tirages sont r\u00e9alis\u00e9s par un laboratoire professionnel.<\/strong><\/p>\n<p>Pour toute envie, remplissez le formulaire suivant et je vous recontacterai :<\/p>\n<div data-test='contact-form' id='contact-form-75' class='wp-block-jetpack-contact-form-container '>\n<form action='https:\/\/www.ecophoto.fr\/nature\/services\/tirage-art\/#contact-form-75' method='post' class='contact-form commentsblock' aria-label=\"Tirage d&#039;art\" novalidate>\n\n<div style=\"\" class='grunion-field-name-wrap grunion-field-wrap'  >\n<label\n\t\t\t\tfor='g75-nom'\n\t\t\t\tclass='grunion-field-label name'>Nom<span class=\"grunion-label-required\" aria-hidden=\"true\">(obligatoire)<\/span><\/label>\n<input\n\t\t\t\t\ttype='text'\n\t\t\t\t\tname='g75-nom'\n\t\t\t\t\tid='g75-nom'\n\t\t\t\t\tvalue=''\n\t\t\t\t\tclass='name  grunion-field' \n\t\t\t\t\trequired aria-required='true' \/>\n\t<\/div>\n\n<div style=\"\" class='grunion-field-email-wrap grunion-field-wrap'  >\n<label\n\t\t\t\tfor='g75-email'\n\t\t\t\tclass='grunion-field-label email'>E-mail<span class=\"grunion-label-required\" aria-hidden=\"true\">(obligatoire)<\/span><\/label>\n<input\n\t\t\t\t\ttype='email'\n\t\t\t\t\tname='g75-email'\n\t\t\t\t\tid='g75-email'\n\t\t\t\t\tvalue=''\n\t\t\t\t\tclass='email  grunion-field' \n\t\t\t\t\trequired aria-required='true' \/>\n\t<\/div>\n\n<div style=\"\" class='grunion-field-name-wrap grunion-field-wrap'  >\n<label\n\t\t\t\tfor='g75-urldelaphoto'\n\t\t\t\tclass='grunion-field-label name'>URL de la photo<span class=\"grunion-label-required\" aria-hidden=\"true\">(obligatoire)<\/span><\/label>\n<input\n\t\t\t\t\ttype='text'\n\t\t\t\t\tname='g75-urldelaphoto'\n\t\t\t\t\tid='g75-urldelaphoto'\n\t\t\t\t\tvalue=''\n\t\t\t\t\tclass='name  grunion-field' \n\t\t\t\t\trequired aria-required='true' \/>\n\t<\/div>\n\n<div style=\"\" class='grunion-field-select-wrap grunion-field-wrap'  >\n<label\n\t\t\t\tfor='g75-formatdetirage'\n\t\t\t\tclass='grunion-field-label select'>Format de tirage<span class=\"grunion-label-required\" aria-hidden=\"true\">(obligatoire)<\/span><\/label>\n<div class='contact-form__select-wrapper'>\t<select name='g75-formatdetirage' id='g75-formatdetirage' class='select  grunion-field' required aria-required='true'>\n\t\t<option value='30x45cm'>30x45cm<\/option>\n\t\t<option value='40x60cm'>40x60cm<\/option>\n\t\t<option value='50x75cm'>50x75cm<\/option>\n\t\t<option value='60x90cm'>60x90cm<\/option>\n\t<\/select>\n<\/div>\n\t<\/div>\n\n<div style=\"\" class='grunion-field-select-wrap grunion-field-wrap'  >\n<label\n\t\t\t\tfor='g75-support'\n\t\t\t\tclass='grunion-field-label select'>Support<\/label>\n<div class='contact-form__select-wrapper'>\t<select name='g75-support' id='g75-support' class='select  grunion-field' >\n\t\t<option value='Papier'>Papier<\/option>\n\t\t<option value='Aluminium (dibond)'>Aluminium (dibond)<\/option>\n\t\t<option value='Carton-mousse'>Carton-mousse<\/option>\n\t<\/select>\n<\/div>\n\t<\/div>\n\n<div style=\"\" class='grunion-field-textarea-wrap grunion-field-wrap'  >\n<label\n\t\t\t\tfor='contact-form-comment-g75-commentaire'\n\t\t\t\tclass='grunion-field-label textarea'>Commentaire<\/label>\n<textarea\n\t\t                style=''\n\t\t                name='g75-commentaire'\n\t\t                id='contact-form-comment-g75-commentaire'\n\t\t                rows='20' class='textarea  grunion-field'  ><\/textarea>\n\t<\/div>\n\t<p class='contact-submit'>\n\t\t<button type='submit' class='pushbutton-wide'>Envoyer<\/button>\t\t<input type='hidden' name='contact-form-id' value='75' \/>\n\t\t<input type='hidden' name='action' value='grunion-contact-form' \/>\n\t\t<input type='hidden' name='contact-form-hash' value='d69c9552254682e9945f90b27b74ac80a4102952' \/>\n\t<\/p>\n<p style=\"display: none !important;\" class=\"akismet-fields-container\" data-prefix=\"ak_\"><label>&#916;<textarea name=\"ak_hp_textarea\" cols=\"45\" rows=\"8\" maxlength=\"100\"><\/textarea><\/label><input type=\"hidden\" id=\"ak_js_1\" name=\"ak_js\" value=\"87\"\/><script>document.getElementById( \"ak_js_1\" ).setAttribute( \"value\", ( new Date() ).getTime() );<\/script><\/p><\/form>\n<\/div>\n","protected":false},"excerpt":{"rendered":"<p>Une image du site vous pla\u00eet et vous souhaitez l&rsquo;accrocher chez vous ? Rien de plus simple, il vous suffit de choisir un format et un support pour recevoir votre photographie directement chez vous et pr\u00eate \u00e0 \u00eatre accroch\u00e9e ! A noter que tous les tirages sont r\u00e9alis\u00e9s par un laboratoire professionnel. Pour toute envie, [&hellip;]<\/p>\n","protected":false},"author":1,"featured_media":0,"parent":2,"menu_order":0,"comment_status":"closed","ping_status":"closed","template":"","meta":{"jetpack_post_was_ever_published":false,"footnotes":""},"tags":[],"class_list":["post-75","page","type-page","status-publish","hentry"],"yoast_head":"<!-- This site is optimized with the Yoast SEO plugin v26.8 - https:\/\/yoast.com\/product\/yoast-seo-wordpress\/ -->\n<title>Tirage d&#039;art - ecophoto.fr<\/title>\n<meta name=\"robots\" content=\"index, follow, max-snippet:-1, max-image-preview:large, max-video-preview:-1\" \/>\n<link rel=\"canonical\" href=\"https:\/\/www.ecophoto.fr\/nature\/services\/tirage-art\/\" \/>\n<meta property=\"og:locale\" content=\"fr_FR\" \/>\n<meta property=\"og:type\" content=\"article\" \/>\n<meta property=\"og:title\" content=\"Tirage d&#039;art - ecophoto.fr\" \/>\n<meta property=\"og:description\" content=\"Une image du site vous pla\u00eet et vous souhaitez l&rsquo;accrocher chez vous ? Rien de plus simple, il vous suffit de choisir un format et un support pour recevoir votre photographie directement chez vous et pr\u00eate \u00e0 \u00eatre accroch\u00e9e ! A noter que tous les tirages sont r\u00e9alis\u00e9s par un laboratoire professionnel. Pour toute envie, [&hellip;]\" \/>\n<meta property=\"og:url\" content=\"https:\/\/www.ecophoto.fr\/nature\/services\/tirage-art\/\" \/>\n<meta property=\"og:site_name\" content=\"ecophoto.fr\" \/>\n<meta property=\"article:publisher\" content=\"https:\/\/www.facebook.com\/DavidMarlienPhotographie\" \/>\n<meta property=\"article:modified_time\" content=\"2023-05-23T08:52:49+00:00\" \/>\n<meta name=\"twitter:card\" content=\"summary_large_image\" \/>\n<meta name=\"twitter:label1\" content=\"Dur\u00e9e de lecture estim\u00e9e\" \/>\n\t<meta name=\"twitter:data1\" content=\"1 minute\" \/>\n<script type=\"application\/ld+json\" class=\"yoast-schema-graph\">{\"@context\":\"https:\/\/schema.org\",\"@graph\":[{\"@type\":\"WebPage\",\"@id\":\"https:\/\/www.ecophoto.fr\/nature\/services\/tirage-art\/\",\"url\":\"https:\/\/www.ecophoto.fr\/nature\/services\/tirage-art\/\",\"name\":\"Tirage d'art - ecophoto.fr\",\"isPartOf\":{\"@id\":\"https:\/\/www.ecophoto.fr\/nature\/#website\"},\"datePublished\":\"2015-01-27T13:03:20+00:00\",\"dateModified\":\"2023-05-23T08:52:49+00:00\",\"breadcrumb\":{\"@id\":\"https:\/\/www.ecophoto.fr\/nature\/services\/tirage-art\/#breadcrumb\"},\"inLanguage\":\"fr-FR\",\"potentialAction\":[{\"@type\":\"ReadAction\",\"target\":[\"https:\/\/www.ecophoto.fr\/nature\/services\/tirage-art\/\"]}]},{\"@type\":\"BreadcrumbList\",\"@id\":\"https:\/\/www.ecophoto.fr\/nature\/services\/tirage-art\/#breadcrumb\",\"itemListElement\":[{\"@type\":\"ListItem\",\"position\":1,\"name\":\"Accueil\",\"item\":\"https:\/\/www.ecophoto.fr\/nature\/\"},{\"@type\":\"ListItem\",\"position\":2,\"name\":\"Services\",\"item\":\"https:\/\/www.ecophoto.fr\/nature\/services\/\"},{\"@type\":\"ListItem\",\"position\":3,\"name\":\"Tirage d&rsquo;art\"}]},{\"@type\":\"WebSite\",\"@id\":\"https:\/\/www.ecophoto.fr\/nature\/#website\",\"url\":\"https:\/\/www.ecophoto.fr\/nature\/\",\"name\":\"ecophoto.fr\",\"description\":\"Photographie animali\u00e8re et stage photo nature en Alsace et dans les Vosges par David Marlien\",\"publisher\":{\"@id\":\"https:\/\/www.ecophoto.fr\/nature\/#\/schema\/person\/425a0adb3da427491e1f55bd85665ad0\"},\"potentialAction\":[{\"@type\":\"SearchAction\",\"target\":{\"@type\":\"EntryPoint\",\"urlTemplate\":\"https:\/\/www.ecophoto.fr\/nature\/?s={search_term_string}\"},\"query-input\":{\"@type\":\"PropertyValueSpecification\",\"valueRequired\":true,\"valueName\":\"search_term_string\"}}],\"inLanguage\":\"fr-FR\"},{\"@type\":[\"Person\",\"Organization\"],\"@id\":\"https:\/\/www.ecophoto.fr\/nature\/#\/schema\/person\/425a0adb3da427491e1f55bd85665ad0\",\"name\":\"David Marlien\",\"image\":{\"@type\":\"ImageObject\",\"inLanguage\":\"fr-FR\",\"@id\":\"https:\/\/www.ecophoto.fr\/nature\/#\/schema\/person\/image\/\",\"url\":\"https:\/\/www.ecophoto.fr\/nature\/wp-content\/uploads\/2015\/01\/ecophoto.png\",\"contentUrl\":\"https:\/\/www.ecophoto.fr\/nature\/wp-content\/uploads\/2015\/01\/ecophoto.png\",\"width\":260,\"height\":90,\"caption\":\"David Marlien\"},\"logo\":{\"@id\":\"https:\/\/www.ecophoto.fr\/nature\/#\/schema\/person\/image\/\"},\"sameAs\":[\"https:\/\/www.facebook.com\/DavidMarlienPhotographie\",\"https:\/\/www.instagram.com\/ecophoto_fr\/\",\"https:\/\/www.youtube.com\/@Ecophoto\"]}]}<\/script>\n<!-- \/ Yoast SEO plugin. -->","yoast_head_json":{"title":"Tirage d'art - ecophoto.fr","robots":{"index":"index","follow":"follow","max-snippet":"max-snippet:-1","max-image-preview":"max-image-preview:large","max-video-preview":"max-video-preview:-1"},"canonical":"https:\/\/www.ecophoto.fr\/nature\/services\/tirage-art\/","og_locale":"fr_FR","og_type":"article","og_title":"Tirage d'art - ecophoto.fr","og_description":"Une image du site vous pla\u00eet et vous souhaitez l&rsquo;accrocher chez vous ? Rien de plus simple, il vous suffit de choisir un format et un support pour recevoir votre photographie directement chez vous et pr\u00eate \u00e0 \u00eatre accroch\u00e9e ! A noter que tous les tirages sont r\u00e9alis\u00e9s par un laboratoire professionnel. Pour toute envie, [&hellip;]","og_url":"https:\/\/www.ecophoto.fr\/nature\/services\/tirage-art\/","og_site_name":"ecophoto.fr","article_publisher":"https:\/\/www.facebook.com\/DavidMarlienPhotographie","article_modified_time":"2023-05-23T08:52:49+00:00","twitter_card":"summary_large_image","twitter_misc":{"Dur\u00e9e de lecture estim\u00e9e":"1 minute"},"schema":{"@context":"https:\/\/schema.org","@graph":[{"@type":"WebPage","@id":"https:\/\/www.ecophoto.fr\/nature\/services\/tirage-art\/","url":"https:\/\/www.ecophoto.fr\/nature\/services\/tirage-art\/","name":"Tirage d'art - ecophoto.fr","isPartOf":{"@id":"https:\/\/www.ecophoto.fr\/nature\/#website"},"datePublished":"2015-01-27T13:03:20+00:00","dateModified":"2023-05-23T08:52:49+00:00","breadcrumb":{"@id":"https:\/\/www.ecophoto.fr\/nature\/services\/tirage-art\/#breadcrumb"},"inLanguage":"fr-FR","potentialAction":[{"@type":"ReadAction","target":["https:\/\/www.ecophoto.fr\/nature\/services\/tirage-art\/"]}]},{"@type":"BreadcrumbList","@id":"https:\/\/www.ecophoto.fr\/nature\/services\/tirage-art\/#breadcrumb","itemListElement":[{"@type":"ListItem","position":1,"name":"Accueil","item":"https:\/\/www.ecophoto.fr\/nature\/"},{"@type":"ListItem","position":2,"name":"Services","item":"https:\/\/www.ecophoto.fr\/nature\/services\/"},{"@type":"ListItem","position":3,"name":"Tirage d&rsquo;art"}]},{"@type":"WebSite","@id":"https:\/\/www.ecophoto.fr\/nature\/#website","url":"https:\/\/www.ecophoto.fr\/nature\/","name":"ecophoto.fr","description":"Photographie animali\u00e8re et stage photo nature en Alsace et dans les Vosges par David Marlien","publisher":{"@id":"https:\/\/www.ecophoto.fr\/nature\/#\/schema\/person\/425a0adb3da427491e1f55bd85665ad0"},"potentialAction":[{"@type":"SearchAction","target":{"@type":"EntryPoint","urlTemplate":"https:\/\/www.ecophoto.fr\/nature\/?s={search_term_string}"},"query-input":{"@type":"PropertyValueSpecification","valueRequired":true,"valueName":"search_term_string"}}],"inLanguage":"fr-FR"},{"@type":["Person","Organization"],"@id":"https:\/\/www.ecophoto.fr\/nature\/#\/schema\/person\/425a0adb3da427491e1f55bd85665ad0","name":"David Marlien","image":{"@type":"ImageObject","inLanguage":"fr-FR","@id":"https:\/\/www.ecophoto.fr\/nature\/#\/schema\/person\/image\/","url":"https:\/\/www.ecophoto.fr\/nature\/wp-content\/uploads\/2015\/01\/ecophoto.png","contentUrl":"https:\/\/www.ecophoto.fr\/nature\/wp-content\/uploads\/2015\/01\/ecophoto.png","width":260,"height":90,"caption":"David Marlien"},"logo":{"@id":"https:\/\/www.ecophoto.fr\/nature\/#\/schema\/person\/image\/"},"sameAs":["https:\/\/www.facebook.com\/DavidMarlienPhotographie","https:\/\/www.instagram.com\/ecophoto_fr\/","https:\/\/www.youtube.com\/@Ecophoto"]}]}},"jetpack_sharing_enabled":false,"jetpack_shortlink":"https:\/\/wp.me\/PaVvPY-1d","_links":{"self":[{"href":"https:\/\/www.ecophoto.fr\/nature\/wp-json\/wp\/v2\/pages\/75","targetHints":{"allow":["GET"]}}],"collection":[{"href":"https:\/\/www.ecophoto.fr\/nature\/wp-json\/wp\/v2\/pages"}],"about":[{"href":"https:\/\/www.ecophoto.fr\/nature\/wp-json\/wp\/v2\/types\/page"}],"author":[{"embeddable":true,"href":"https:\/\/www.ecophoto.fr\/nature\/wp-json\/wp\/v2\/users\/1"}],"replies":[{"embeddable":true,"href":"https:\/\/www.ecophoto.fr\/nature\/wp-json\/wp\/v2\/comments?post=75"}],"version-history":[{"count":17,"href":"https:\/\/www.ecophoto.fr\/nature\/wp-json\/wp\/v2\/pages\/75\/revisions"}],"predecessor-version":[{"id":1975,"href":"https:\/\/www.ecophoto.fr\/nature\/wp-json\/wp\/v2\/pages\/75\/revisions\/1975"}],"up":[{"embeddable":true,"href":"https:\/\/www.ecophoto.fr\/nature\/wp-json\/wp\/v2\/pages\/2"}],"wp:attachment":[{"href":"https:\/\/www.ecophoto.fr\/nature\/wp-json\/wp\/v2\/media?parent=75"}],"wp:term":[{"taxonomy":"post_tag","embeddable":true,"href":"https:\/\/www.ecophoto.fr\/nature\/wp-json\/wp\/v2\/tags?post=75"}],"curies":[{"name":"wp","href":"https:\/\/api.w.org\/{rel}","templated":true}]}}