{"id":2,"date":"2015-01-19T10:02:47","date_gmt":"2015-01-19T10:02:47","guid":{"rendered":"http:\/\/www.ecophoto.fr\/wordpress\/?page_id=2"},"modified":"2025-11-13T15:28:28","modified_gmt":"2025-11-13T14:28:28","slug":"services","status":"publish","type":"page","link":"https:\/\/www.ecophoto.fr\/nature\/services\/","title":{"rendered":"Services"},"content":{"rendered":"<p style=\"text-align: center;\"><a title=\"Tirage d\u2019art\" href=\"https:\/\/www.ecophoto.fr\/nature\/services\/tirage-art\/\">Tirage d&rsquo;Art<\/a><\/p>\n<p style=\"text-align: center;\">Une image du site vous pla\u00eet et vous souhaitez l&rsquo;accrocher chez vous ?<\/p>\n<p style=\"text-align: center;\"><a title=\"Location\" href=\"https:\/\/www.ecophoto.fr\/nature\/services\/location\/\">Location<\/a><\/p>\n<p style=\"text-align: center;\">Vous souhaitez d\u00e9corer temporairement les m\u00fbrs de votre entreprise ?<\/p>\n<p style=\"text-align: center;\"><a title=\"Presse\" href=\"https:\/\/www.ecophoto.fr\/nature\/services\/publication\/\">Presse<\/a><\/p>\n<p style=\"text-align: center;\">Certaines images du site correspondent aux besoins d&rsquo;illustration d&rsquo;un article ?<\/p>\n<p style=\"text-align: center;\"><a title=\"Site internet\" href=\"https:\/\/www.ecophoto.fr\/nature\/services\/site-internet\/\">Cr\u00e9ation de site internet<\/a><\/p>\n<p style=\"text-align: center;\">Vous souhaitez cr\u00e9er ou renouveler votre site internet ?<\/p>\n<p style=\"text-align: center;\"><a title=\"Stage\" href=\"https:\/\/www.ecophoto.fr\/nature\/services\/stage-photo\/\">Stage photo nature<\/a><\/p>\n<p style=\"text-align: center;\">Vous souhaitez d\u00e9couvrir ou vous perfectionner dans l&rsquo;utilisation d&rsquo;un reflex num\u00e9rique ?<\/p>\n<p style=\"text-align: center;\"><a title=\"Mariage\" href=\"https:\/\/www.ecophoto.fr\/nature\/services\/mariage\/\">Mariage<\/a><\/p>\n<p style=\"text-align: center;\">Vous souhaitez garder un souvenir inoubliable du plus beau jour de votre vie ?<\/p>\n","protected":false},"excerpt":{"rendered":"<p>Tirage d&rsquo;Art Une image du site vous pla\u00eet et vous souhaitez l&rsquo;accrocher chez vous ? Location Vous souhaitez d\u00e9corer temporairement les m\u00fbrs de votre entreprise ? Presse Certaines images du site correspondent aux besoins d&rsquo;illustration d&rsquo;un article ? Cr\u00e9ation de site internet Vous souhaitez cr\u00e9er ou renouveler votre site internet ? Stage photo nature Vous [&hellip;]<\/p>\n","protected":false},"author":1,"featured_media":0,"parent":0,"menu_order":0,"comment_status":"closed","ping_status":"closed","template":"","meta":{"jetpack_post_was_ever_published":false,"footnotes":""},"tags":[],"class_list":["post-2","page","type-page","status-publish","hentry"],"yoast_head":"<!-- This site is optimized with the Yoast SEO plugin v26.8 - https:\/\/yoast.com\/product\/yoast-seo-wordpress\/ -->\n<title>Services - ecophoto.fr<\/title>\n<meta name=\"robots\" content=\"index, follow, max-snippet:-1, max-image-preview:large, max-video-preview:-1\" \/>\n<link rel=\"canonical\" href=\"https:\/\/www.ecophoto.fr\/nature\/services\/\" \/>\n<meta property=\"og:locale\" content=\"fr_FR\" \/>\n<meta property=\"og:type\" content=\"article\" \/>\n<meta property=\"og:title\" content=\"Services - ecophoto.fr\" \/>\n<meta property=\"og:description\" content=\"Tirage d&rsquo;Art Une image du site vous pla\u00eet et vous souhaitez l&rsquo;accrocher chez vous ? Location Vous souhaitez d\u00e9corer temporairement les m\u00fbrs de votre entreprise ? Presse Certaines images du site correspondent aux besoins d&rsquo;illustration d&rsquo;un article ? Cr\u00e9ation de site internet Vous souhaitez cr\u00e9er ou renouveler votre site internet ? Stage photo nature Vous [&hellip;]\" \/>\n<meta property=\"og:url\" content=\"https:\/\/www.ecophoto.fr\/nature\/services\/\" \/>\n<meta property=\"og:site_name\" content=\"ecophoto.fr\" \/>\n<meta property=\"article:publisher\" content=\"https:\/\/www.facebook.com\/DavidMarlienPhotographie\" \/>\n<meta property=\"article:modified_time\" content=\"2025-11-13T14:28:28+00:00\" \/>\n<meta name=\"twitter:card\" content=\"summary_large_image\" \/>\n<meta name=\"twitter:label1\" content=\"Dur\u00e9e de lecture estim\u00e9e\" \/>\n\t<meta name=\"twitter:data1\" content=\"1 minute\" \/>\n<script type=\"application\/ld+json\" class=\"yoast-schema-graph\">{\"@context\":\"https:\/\/schema.org\",\"@graph\":[{\"@type\":\"WebPage\",\"@id\":\"https:\/\/www.ecophoto.fr\/nature\/services\/\",\"url\":\"https:\/\/www.ecophoto.fr\/nature\/services\/\",\"name\":\"Services - ecophoto.fr\",\"isPartOf\":{\"@id\":\"https:\/\/www.ecophoto.fr\/nature\/#website\"},\"datePublished\":\"2015-01-19T10:02:47+00:00\",\"dateModified\":\"2025-11-13T14:28:28+00:00\",\"breadcrumb\":{\"@id\":\"https:\/\/www.ecophoto.fr\/nature\/services\/#breadcrumb\"},\"inLanguage\":\"fr-FR\",\"potentialAction\":[{\"@type\":\"ReadAction\",\"target\":[\"https:\/\/www.ecophoto.fr\/nature\/services\/\"]}]},{\"@type\":\"BreadcrumbList\",\"@id\":\"https:\/\/www.ecophoto.fr\/nature\/services\/#breadcrumb\",\"itemListElement\":[{\"@type\":\"ListItem\",\"position\":1,\"name\":\"Accueil\",\"item\":\"https:\/\/www.ecophoto.fr\/nature\/\"},{\"@type\":\"ListItem\",\"position\":2,\"name\":\"Services\"}]},{\"@type\":\"WebSite\",\"@id\":\"https:\/\/www.ecophoto.fr\/nature\/#website\",\"url\":\"https:\/\/www.ecophoto.fr\/nature\/\",\"name\":\"ecophoto.fr\",\"description\":\"Photographie animali\u00e8re et stage photo nature en Alsace et dans les Vosges par David Marlien\",\"publisher\":{\"@id\":\"https:\/\/www.ecophoto.fr\/nature\/#\/schema\/person\/425a0adb3da427491e1f55bd85665ad0\"},\"potentialAction\":[{\"@type\":\"SearchAction\",\"target\":{\"@type\":\"EntryPoint\",\"urlTemplate\":\"https:\/\/www.ecophoto.fr\/nature\/?s={search_term_string}\"},\"query-input\":{\"@type\":\"PropertyValueSpecification\",\"valueRequired\":true,\"valueName\":\"search_term_string\"}}],\"inLanguage\":\"fr-FR\"},{\"@type\":[\"Person\",\"Organization\"],\"@id\":\"https:\/\/www.ecophoto.fr\/nature\/#\/schema\/person\/425a0adb3da427491e1f55bd85665ad0\",\"name\":\"David Marlien\",\"image\":{\"@type\":\"ImageObject\",\"inLanguage\":\"fr-FR\",\"@id\":\"https:\/\/www.ecophoto.fr\/nature\/#\/schema\/person\/image\/\",\"url\":\"https:\/\/www.ecophoto.fr\/nature\/wp-content\/uploads\/2015\/01\/ecophoto.png\",\"contentUrl\":\"https:\/\/www.ecophoto.fr\/nature\/wp-content\/uploads\/2015\/01\/ecophoto.png\",\"width\":260,\"height\":90,\"caption\":\"David Marlien\"},\"logo\":{\"@id\":\"https:\/\/www.ecophoto.fr\/nature\/#\/schema\/person\/image\/\"},\"sameAs\":[\"https:\/\/www.facebook.com\/DavidMarlienPhotographie\",\"https:\/\/www.instagram.com\/ecophoto_fr\/\",\"https:\/\/www.youtube.com\/@Ecophoto\"]}]}<\/script>\n<!-- \/ Yoast SEO plugin. -->","yoast_head_json":{"title":"Services - ecophoto.fr","robots":{"index":"index","follow":"follow","max-snippet":"max-snippet:-1","max-image-preview":"max-image-preview:large","max-video-preview":"max-video-preview:-1"},"canonical":"https:\/\/www.ecophoto.fr\/nature\/services\/","og_locale":"fr_FR","og_type":"article","og_title":"Services - ecophoto.fr","og_description":"Tirage d&rsquo;Art Une image du site vous pla\u00eet et vous souhaitez l&rsquo;accrocher chez vous ? Location Vous souhaitez d\u00e9corer temporairement les m\u00fbrs de votre entreprise ? Presse Certaines images du site correspondent aux besoins d&rsquo;illustration d&rsquo;un article ? Cr\u00e9ation de site internet Vous souhaitez cr\u00e9er ou renouveler votre site internet ? Stage photo nature Vous [&hellip;]","og_url":"https:\/\/www.ecophoto.fr\/nature\/services\/","og_site_name":"ecophoto.fr","article_publisher":"https:\/\/www.facebook.com\/DavidMarlienPhotographie","article_modified_time":"2025-11-13T14:28:28+00:00","twitter_card":"summary_large_image","twitter_misc":{"Dur\u00e9e de lecture estim\u00e9e":"1 minute"},"schema":{"@context":"https:\/\/schema.org","@graph":[{"@type":"WebPage","@id":"https:\/\/www.ecophoto.fr\/nature\/services\/","url":"https:\/\/www.ecophoto.fr\/nature\/services\/","name":"Services - ecophoto.fr","isPartOf":{"@id":"https:\/\/www.ecophoto.fr\/nature\/#website"},"datePublished":"2015-01-19T10:02:47+00:00","dateModified":"2025-11-13T14:28:28+00:00","breadcrumb":{"@id":"https:\/\/www.ecophoto.fr\/nature\/services\/#breadcrumb"},"inLanguage":"fr-FR","potentialAction":[{"@type":"ReadAction","target":["https:\/\/www.ecophoto.fr\/nature\/services\/"]}]},{"@type":"BreadcrumbList","@id":"https:\/\/www.ecophoto.fr\/nature\/services\/#breadcrumb","itemListElement":[{"@type":"ListItem","position":1,"name":"Accueil","item":"https:\/\/www.ecophoto.fr\/nature\/"},{"@type":"ListItem","position":2,"name":"Services"}]},{"@type":"WebSite","@id":"https:\/\/www.ecophoto.fr\/nature\/#website","url":"https:\/\/www.ecophoto.fr\/nature\/","name":"ecophoto.fr","description":"Photographie animali\u00e8re et stage photo nature en Alsace et dans les Vosges par David Marlien","publisher":{"@id":"https:\/\/www.ecophoto.fr\/nature\/#\/schema\/person\/425a0adb3da427491e1f55bd85665ad0"},"potentialAction":[{"@type":"SearchAction","target":{"@type":"EntryPoint","urlTemplate":"https:\/\/www.ecophoto.fr\/nature\/?s={search_term_string}"},"query-input":{"@type":"PropertyValueSpecification","valueRequired":true,"valueName":"search_term_string"}}],"inLanguage":"fr-FR"},{"@type":["Person","Organization"],"@id":"https:\/\/www.ecophoto.fr\/nature\/#\/schema\/person\/425a0adb3da427491e1f55bd85665ad0","name":"David Marlien","image":{"@type":"ImageObject","inLanguage":"fr-FR","@id":"https:\/\/www.ecophoto.fr\/nature\/#\/schema\/person\/image\/","url":"https:\/\/www.ecophoto.fr\/nature\/wp-content\/uploads\/2015\/01\/ecophoto.png","contentUrl":"https:\/\/www.ecophoto.fr\/nature\/wp-content\/uploads\/2015\/01\/ecophoto.png","width":260,"height":90,"caption":"David Marlien"},"logo":{"@id":"https:\/\/www.ecophoto.fr\/nature\/#\/schema\/person\/image\/"},"sameAs":["https:\/\/www.facebook.com\/DavidMarlienPhotographie","https:\/\/www.instagram.com\/ecophoto_fr\/","https:\/\/www.youtube.com\/@Ecophoto"]}]}},"jetpack_sharing_enabled":false,"jetpack_shortlink":"https:\/\/wp.me\/PaVvPY-2","_links":{"self":[{"href":"https:\/\/www.ecophoto.fr\/nature\/wp-json\/wp\/v2\/pages\/2","targetHints":{"allow":["GET"]}}],"collection":[{"href":"https:\/\/www.ecophoto.fr\/nature\/wp-json\/wp\/v2\/pages"}],"about":[{"href":"https:\/\/www.ecophoto.fr\/nature\/wp-json\/wp\/v2\/types\/page"}],"author":[{"embeddable":true,"href":"https:\/\/www.ecophoto.fr\/nature\/wp-json\/wp\/v2\/users\/1"}],"replies":[{"embeddable":true,"href":"https:\/\/www.ecophoto.fr\/nature\/wp-json\/wp\/v2\/comments?post=2"}],"version-history":[{"count":35,"href":"https:\/\/www.ecophoto.fr\/nature\/wp-json\/wp\/v2\/pages\/2\/revisions"}],"predecessor-version":[{"id":2149,"href":"https:\/\/www.ecophoto.fr\/nature\/wp-json\/wp\/v2\/pages\/2\/revisions\/2149"}],"wp:attachment":[{"href":"https:\/\/www.ecophoto.fr\/nature\/wp-json\/wp\/v2\/media?parent=2"}],"wp:term":[{"taxonomy":"post_tag","embeddable":true,"href":"https:\/\/www.ecophoto.fr\/nature\/wp-json\/wp\/v2\/tags?post=2"}],"curies":[{"name":"wp","href":"https:\/\/api.w.org\/{rel}","templated":true}]}}