{"id":11,"date":"2015-01-19T12:00:45","date_gmt":"2015-01-19T11:00:45","guid":{"rendered":"http:\/\/www.ecophoto.fr\/wordpress\/?page_id=11"},"modified":"2025-11-06T14:29:10","modified_gmt":"2025-11-06T13:29:10","slug":"auteur","status":"publish","type":"page","link":"https:\/\/www.ecophoto.fr\/nature\/auteur\/","title":{"rendered":"L&rsquo;auteur"},"content":{"rendered":"<p style=\"text-align: center;\">\n<p style=\"text-align: center;\"><img loading=\"lazy\" decoding=\"async\" data-attachment-id=\"2100\" data-permalink=\"https:\/\/www.ecophoto.fr\/nature\/auteur\/david-marlien\/\" data-orig-file=\"https:\/\/www.ecophoto.fr\/nature\/wp-content\/uploads\/2025\/11\/David-Marlien.jpg\" data-orig-size=\"260,260\" data-comments-opened=\"1\" data-image-meta=\"{&quot;aperture&quot;:&quot;0&quot;,&quot;credit&quot;:&quot;&quot;,&quot;camera&quot;:&quot;&quot;,&quot;caption&quot;:&quot;&quot;,&quot;created_timestamp&quot;:&quot;0&quot;,&quot;copyright&quot;:&quot;&quot;,&quot;focal_length&quot;:&quot;0&quot;,&quot;iso&quot;:&quot;0&quot;,&quot;shutter_speed&quot;:&quot;0&quot;,&quot;title&quot;:&quot;&quot;,&quot;orientation&quot;:&quot;1&quot;}\" data-image-title=\"David Marlien\" data-image-description=\"\" data-image-caption=\"\" data-medium-file=\"https:\/\/www.ecophoto.fr\/nature\/wp-content\/uploads\/2025\/11\/David-Marlien.jpg\" data-large-file=\"https:\/\/www.ecophoto.fr\/nature\/wp-content\/uploads\/2025\/11\/David-Marlien.jpg\" class=\"aligncenter wp-image-2100 size-full\" src=\"https:\/\/www.ecophoto.fr\/nature\/wp-content\/uploads\/2025\/11\/David-Marlien.jpg\" alt=\"David Marlien Photographe\" width=\"260\" height=\"260\" srcset=\"https:\/\/www.ecophoto.fr\/nature\/wp-content\/uploads\/2025\/11\/David-Marlien.jpg 260w, https:\/\/www.ecophoto.fr\/nature\/wp-content\/uploads\/2025\/11\/David-Marlien-150x150.jpg 150w, https:\/\/www.ecophoto.fr\/nature\/wp-content\/uploads\/2025\/11\/David-Marlien-50x50.jpg 50w\" sizes=\"auto, (max-width: 260px) 100vw, 260px\" \/><\/p>\n<p style=\"text-align: center;\"><em><strong><span data-reactid=\".2q.0.0\">La nature comme source d&rsquo;inspiration, la photographie comme moyen d&rsquo;expression<\/span><\/strong><\/em><\/p>\n<p>N\u00e9 en 1987, dipl\u00f4m\u00e9 d\u2019un master en biologie, <strong>David Marlien<\/strong> a toujours \u00e9t\u00e9 \u00e9merveill\u00e9 par la nature dans laquelle il puise son inspiration. Tr\u00e8s vite, il lui sembla essentiel de trouver un moyen d&rsquo;exprimer sa sensibilit\u00e9 toute particuli\u00e8re pour la faune et la flore de sa r\u00e9gion et d&rsquo;ailleurs.<\/p>\n<p style=\"text-align: justify;\">Le d\u00e9clic eut lieu en 2006, lui faisant comprendre que la photographie offrait la possibilit\u00e9 de saisir et r\u00e9v\u00e9ler des instants d&rsquo;une beaut\u00e9 souvent insoup\u00e7onn\u00e9e. Au fil du temps, l&rsquo;image est devenue pour lui une fa\u00e7on de mettre en lumi\u00e8re les \u00e9motions qui le traversent quand parfois, sur les sommets, il se retrouve \u00e0 contempler un lever de soleil, ou le doux r\u00e9veil d&rsquo;un papillon sur sa fleur.<\/p>\n<p style=\"text-align: justify;\">Et comme le dit si bien Henry David Thoreau :\u00a0<span class=\"arial-12-gris\">\u00ab<\/span> D<em>ans la vie sauvage repose la sauvegarde du monde <\/em><span class=\"arial-12-gris\">\u00bb.<\/span> C&rsquo;est aussi pour cela qu\u2019il souhaite, \u00e0 travers ses images, partager son regard sur cette biodiversit\u00e9 qu&rsquo;il est important de\u00a0 pr\u00e9server pour les g\u00e9n\u00e9rations futures.<\/p>\n","protected":false},"excerpt":{"rendered":"<p>La nature comme source d&rsquo;inspiration, la photographie comme moyen d&rsquo;expression N\u00e9 en 1987, dipl\u00f4m\u00e9 d\u2019un master en biologie, David Marlien a toujours \u00e9t\u00e9 \u00e9merveill\u00e9 par la nature dans laquelle il puise son inspiration. Tr\u00e8s vite, il lui sembla essentiel de trouver un moyen d&rsquo;exprimer sa sensibilit\u00e9 toute particuli\u00e8re pour la faune et la flore de [&hellip;]<\/p>\n","protected":false},"author":1,"featured_media":0,"parent":0,"menu_order":0,"comment_status":"closed","ping_status":"closed","template":"","meta":{"jetpack_post_was_ever_published":false,"footnotes":""},"tags":[],"class_list":["post-11","page","type-page","status-publish","hentry"],"yoast_head":"<!-- This site is optimized with the Yoast SEO plugin v26.8 - https:\/\/yoast.com\/product\/yoast-seo-wordpress\/ -->\n<title>L&#039;auteur - ecophoto.fr<\/title>\n<meta name=\"robots\" content=\"index, follow, max-snippet:-1, max-image-preview:large, max-video-preview:-1\" \/>\n<link rel=\"canonical\" href=\"https:\/\/www.ecophoto.fr\/nature\/auteur\/\" \/>\n<meta property=\"og:locale\" content=\"fr_FR\" \/>\n<meta property=\"og:type\" content=\"article\" \/>\n<meta property=\"og:title\" content=\"L&#039;auteur - ecophoto.fr\" \/>\n<meta property=\"og:description\" content=\"La nature comme source d&rsquo;inspiration, la photographie comme moyen d&rsquo;expression N\u00e9 en 1987, dipl\u00f4m\u00e9 d\u2019un master en biologie, David Marlien a toujours \u00e9t\u00e9 \u00e9merveill\u00e9 par la nature dans laquelle il puise son inspiration. Tr\u00e8s vite, il lui sembla essentiel de trouver un moyen d&rsquo;exprimer sa sensibilit\u00e9 toute particuli\u00e8re pour la faune et la flore de [&hellip;]\" \/>\n<meta property=\"og:url\" content=\"https:\/\/www.ecophoto.fr\/nature\/auteur\/\" \/>\n<meta property=\"og:site_name\" content=\"ecophoto.fr\" \/>\n<meta property=\"article:publisher\" content=\"https:\/\/www.facebook.com\/DavidMarlienPhotographie\" \/>\n<meta property=\"article:modified_time\" content=\"2025-11-06T13:29:10+00:00\" \/>\n<meta property=\"og:image\" content=\"https:\/\/www.ecophoto.fr\/nature\/wp-content\/uploads\/2025\/11\/David-Marlien.jpg\" \/>\n\t<meta property=\"og:image:width\" content=\"260\" \/>\n\t<meta property=\"og:image:height\" content=\"260\" \/>\n\t<meta property=\"og:image:type\" content=\"image\/jpeg\" \/>\n<meta name=\"twitter:card\" content=\"summary_large_image\" \/>\n<meta name=\"twitter:label1\" content=\"Dur\u00e9e de lecture estim\u00e9e\" \/>\n\t<meta name=\"twitter:data1\" content=\"2 minutes\" \/>\n<script type=\"application\/ld+json\" class=\"yoast-schema-graph\">{\"@context\":\"https:\/\/schema.org\",\"@graph\":[{\"@type\":\"WebPage\",\"@id\":\"https:\/\/www.ecophoto.fr\/nature\/auteur\/\",\"url\":\"https:\/\/www.ecophoto.fr\/nature\/auteur\/\",\"name\":\"L'auteur - ecophoto.fr\",\"isPartOf\":{\"@id\":\"https:\/\/www.ecophoto.fr\/nature\/#website\"},\"primaryImageOfPage\":{\"@id\":\"https:\/\/www.ecophoto.fr\/nature\/auteur\/#primaryimage\"},\"image\":{\"@id\":\"https:\/\/www.ecophoto.fr\/nature\/auteur\/#primaryimage\"},\"thumbnailUrl\":\"https:\/\/www.ecophoto.fr\/nature\/wp-content\/uploads\/2025\/11\/David-Marlien.jpg\",\"datePublished\":\"2015-01-19T11:00:45+00:00\",\"dateModified\":\"2025-11-06T13:29:10+00:00\",\"breadcrumb\":{\"@id\":\"https:\/\/www.ecophoto.fr\/nature\/auteur\/#breadcrumb\"},\"inLanguage\":\"fr-FR\",\"potentialAction\":[{\"@type\":\"ReadAction\",\"target\":[\"https:\/\/www.ecophoto.fr\/nature\/auteur\/\"]}]},{\"@type\":\"ImageObject\",\"inLanguage\":\"fr-FR\",\"@id\":\"https:\/\/www.ecophoto.fr\/nature\/auteur\/#primaryimage\",\"url\":\"https:\/\/www.ecophoto.fr\/nature\/wp-content\/uploads\/2025\/11\/David-Marlien.jpg\",\"contentUrl\":\"https:\/\/www.ecophoto.fr\/nature\/wp-content\/uploads\/2025\/11\/David-Marlien.jpg\",\"width\":260,\"height\":260,\"caption\":\"David Marlien Photographe\"},{\"@type\":\"BreadcrumbList\",\"@id\":\"https:\/\/www.ecophoto.fr\/nature\/auteur\/#breadcrumb\",\"itemListElement\":[{\"@type\":\"ListItem\",\"position\":1,\"name\":\"Accueil\",\"item\":\"https:\/\/www.ecophoto.fr\/nature\/\"},{\"@type\":\"ListItem\",\"position\":2,\"name\":\"L&rsquo;auteur\"}]},{\"@type\":\"WebSite\",\"@id\":\"https:\/\/www.ecophoto.fr\/nature\/#website\",\"url\":\"https:\/\/www.ecophoto.fr\/nature\/\",\"name\":\"ecophoto.fr\",\"description\":\"Photographie animali\u00e8re et stage photo nature en Alsace et dans les Vosges par David Marlien\",\"publisher\":{\"@id\":\"https:\/\/www.ecophoto.fr\/nature\/#\/schema\/person\/425a0adb3da427491e1f55bd85665ad0\"},\"potentialAction\":[{\"@type\":\"SearchAction\",\"target\":{\"@type\":\"EntryPoint\",\"urlTemplate\":\"https:\/\/www.ecophoto.fr\/nature\/?s={search_term_string}\"},\"query-input\":{\"@type\":\"PropertyValueSpecification\",\"valueRequired\":true,\"valueName\":\"search_term_string\"}}],\"inLanguage\":\"fr-FR\"},{\"@type\":[\"Person\",\"Organization\"],\"@id\":\"https:\/\/www.ecophoto.fr\/nature\/#\/schema\/person\/425a0adb3da427491e1f55bd85665ad0\",\"name\":\"David Marlien\",\"image\":{\"@type\":\"ImageObject\",\"inLanguage\":\"fr-FR\",\"@id\":\"https:\/\/www.ecophoto.fr\/nature\/#\/schema\/person\/image\/\",\"url\":\"https:\/\/www.ecophoto.fr\/nature\/wp-content\/uploads\/2015\/01\/ecophoto.png\",\"contentUrl\":\"https:\/\/www.ecophoto.fr\/nature\/wp-content\/uploads\/2015\/01\/ecophoto.png\",\"width\":260,\"height\":90,\"caption\":\"David Marlien\"},\"logo\":{\"@id\":\"https:\/\/www.ecophoto.fr\/nature\/#\/schema\/person\/image\/\"},\"sameAs\":[\"https:\/\/www.facebook.com\/DavidMarlienPhotographie\",\"https:\/\/www.instagram.com\/ecophoto_fr\/\",\"https:\/\/www.youtube.com\/@Ecophoto\"]}]}<\/script>\n<!-- \/ Yoast SEO plugin. -->","yoast_head_json":{"title":"L'auteur - ecophoto.fr","robots":{"index":"index","follow":"follow","max-snippet":"max-snippet:-1","max-image-preview":"max-image-preview:large","max-video-preview":"max-video-preview:-1"},"canonical":"https:\/\/www.ecophoto.fr\/nature\/auteur\/","og_locale":"fr_FR","og_type":"article","og_title":"L'auteur - ecophoto.fr","og_description":"La nature comme source d&rsquo;inspiration, la photographie comme moyen d&rsquo;expression N\u00e9 en 1987, dipl\u00f4m\u00e9 d\u2019un master en biologie, David Marlien a toujours \u00e9t\u00e9 \u00e9merveill\u00e9 par la nature dans laquelle il puise son inspiration. Tr\u00e8s vite, il lui sembla essentiel de trouver un moyen d&rsquo;exprimer sa sensibilit\u00e9 toute particuli\u00e8re pour la faune et la flore de [&hellip;]","og_url":"https:\/\/www.ecophoto.fr\/nature\/auteur\/","og_site_name":"ecophoto.fr","article_publisher":"https:\/\/www.facebook.com\/DavidMarlienPhotographie","article_modified_time":"2025-11-06T13:29:10+00:00","og_image":[{"width":260,"height":260,"url":"https:\/\/www.ecophoto.fr\/nature\/wp-content\/uploads\/2025\/11\/David-Marlien.jpg","type":"image\/jpeg"}],"twitter_card":"summary_large_image","twitter_misc":{"Dur\u00e9e de lecture estim\u00e9e":"2 minutes"},"schema":{"@context":"https:\/\/schema.org","@graph":[{"@type":"WebPage","@id":"https:\/\/www.ecophoto.fr\/nature\/auteur\/","url":"https:\/\/www.ecophoto.fr\/nature\/auteur\/","name":"L'auteur - ecophoto.fr","isPartOf":{"@id":"https:\/\/www.ecophoto.fr\/nature\/#website"},"primaryImageOfPage":{"@id":"https:\/\/www.ecophoto.fr\/nature\/auteur\/#primaryimage"},"image":{"@id":"https:\/\/www.ecophoto.fr\/nature\/auteur\/#primaryimage"},"thumbnailUrl":"https:\/\/www.ecophoto.fr\/nature\/wp-content\/uploads\/2025\/11\/David-Marlien.jpg","datePublished":"2015-01-19T11:00:45+00:00","dateModified":"2025-11-06T13:29:10+00:00","breadcrumb":{"@id":"https:\/\/www.ecophoto.fr\/nature\/auteur\/#breadcrumb"},"inLanguage":"fr-FR","potentialAction":[{"@type":"ReadAction","target":["https:\/\/www.ecophoto.fr\/nature\/auteur\/"]}]},{"@type":"ImageObject","inLanguage":"fr-FR","@id":"https:\/\/www.ecophoto.fr\/nature\/auteur\/#primaryimage","url":"https:\/\/www.ecophoto.fr\/nature\/wp-content\/uploads\/2025\/11\/David-Marlien.jpg","contentUrl":"https:\/\/www.ecophoto.fr\/nature\/wp-content\/uploads\/2025\/11\/David-Marlien.jpg","width":260,"height":260,"caption":"David Marlien Photographe"},{"@type":"BreadcrumbList","@id":"https:\/\/www.ecophoto.fr\/nature\/auteur\/#breadcrumb","itemListElement":[{"@type":"ListItem","position":1,"name":"Accueil","item":"https:\/\/www.ecophoto.fr\/nature\/"},{"@type":"ListItem","position":2,"name":"L&rsquo;auteur"}]},{"@type":"WebSite","@id":"https:\/\/www.ecophoto.fr\/nature\/#website","url":"https:\/\/www.ecophoto.fr\/nature\/","name":"ecophoto.fr","description":"Photographie animali\u00e8re et stage photo nature en Alsace et dans les Vosges par David Marlien","publisher":{"@id":"https:\/\/www.ecophoto.fr\/nature\/#\/schema\/person\/425a0adb3da427491e1f55bd85665ad0"},"potentialAction":[{"@type":"SearchAction","target":{"@type":"EntryPoint","urlTemplate":"https:\/\/www.ecophoto.fr\/nature\/?s={search_term_string}"},"query-input":{"@type":"PropertyValueSpecification","valueRequired":true,"valueName":"search_term_string"}}],"inLanguage":"fr-FR"},{"@type":["Person","Organization"],"@id":"https:\/\/www.ecophoto.fr\/nature\/#\/schema\/person\/425a0adb3da427491e1f55bd85665ad0","name":"David Marlien","image":{"@type":"ImageObject","inLanguage":"fr-FR","@id":"https:\/\/www.ecophoto.fr\/nature\/#\/schema\/person\/image\/","url":"https:\/\/www.ecophoto.fr\/nature\/wp-content\/uploads\/2015\/01\/ecophoto.png","contentUrl":"https:\/\/www.ecophoto.fr\/nature\/wp-content\/uploads\/2015\/01\/ecophoto.png","width":260,"height":90,"caption":"David Marlien"},"logo":{"@id":"https:\/\/www.ecophoto.fr\/nature\/#\/schema\/person\/image\/"},"sameAs":["https:\/\/www.facebook.com\/DavidMarlienPhotographie","https:\/\/www.instagram.com\/ecophoto_fr\/","https:\/\/www.youtube.com\/@Ecophoto"]}]}},"jetpack_sharing_enabled":false,"jetpack_shortlink":"https:\/\/wp.me\/PaVvPY-b","_links":{"self":[{"href":"https:\/\/www.ecophoto.fr\/nature\/wp-json\/wp\/v2\/pages\/11","targetHints":{"allow":["GET"]}}],"collection":[{"href":"https:\/\/www.ecophoto.fr\/nature\/wp-json\/wp\/v2\/pages"}],"about":[{"href":"https:\/\/www.ecophoto.fr\/nature\/wp-json\/wp\/v2\/types\/page"}],"author":[{"embeddable":true,"href":"https:\/\/www.ecophoto.fr\/nature\/wp-json\/wp\/v2\/users\/1"}],"replies":[{"embeddable":true,"href":"https:\/\/www.ecophoto.fr\/nature\/wp-json\/wp\/v2\/comments?post=11"}],"version-history":[{"count":61,"href":"https:\/\/www.ecophoto.fr\/nature\/wp-json\/wp\/v2\/pages\/11\/revisions"}],"predecessor-version":[{"id":2101,"href":"https:\/\/www.ecophoto.fr\/nature\/wp-json\/wp\/v2\/pages\/11\/revisions\/2101"}],"wp:attachment":[{"href":"https:\/\/www.ecophoto.fr\/nature\/wp-json\/wp\/v2\/media?parent=11"}],"wp:term":[{"taxonomy":"post_tag","embeddable":true,"href":"https:\/\/www.ecophoto.fr\/nature\/wp-json\/wp\/v2\/tags?post=11"}],"curies":[{"name":"wp","href":"https:\/\/api.w.org\/{rel}","templated":true}]}}